141 is divided by l?
5
Suppose 4*j + 158 = 2*f - 212, -4*j = -5*f + 901. What is the remainder when f is divided by 89?
88
Suppose -1536 = -48*x + 2112. Calculate the remainder when x is divided by 10.
6
What is the remainder when 163 is divided by 3/(-12) + -337*(-7)/28?
79
Suppose 27 + 149 = 11*t. Calculate the remainder when 20 is divided by t.
4
Let v(x) be the second derivative of 0 - x**2 - 1/3*x**3 + 1/3*x**4 - 4*x. Calculate the remainder when v(2) is divided by 3.
1
Let c(a) = -a**3 - 10*a**2 + 5. Let b be c(-7). Let j = -44 - b. Calculate the remainder when j is divided by 20.
18
Suppose 3*v + 15*k = 18*k + 141, -192 = -4*v + 5*k. What is the remainder when 106 is divided by v?
20
Let s = -101 - -116. What is the remainder when 116 is divided by s?
11
Let k = -1035 - -1040. What is the remainder when k is divided by 4?
1
Let l = -112 + 353. Calculate the remainder when l is divided by 41.
36
Let f(u) = -u**3 + 3*u**2 + 27*u - 41. What is the remainder when 37 is divided by f(6)?
11
Let h be ((-9)/(-3))/6 + (-84)/(-8). Suppose h = 7*f - 108. Calculate the remainder when f is divided by 5.
2
Suppose -7*q + 360 = -711. Calculate the remainder when q is divided by 37.
5
Let n be (-4)/((-4)/(-14)*-1). Let q = n + 18. Suppose 13084*o - 13068*o - 272 = 0. What is the remainder when q is divided by o?
15
Let x(y) = -y + 5. Let o be x(7). Calculate the remainder when (-2082)/(-14) - (-1)/(-7)*o is divided by 38.
35
Suppose -d = -13 + 3. Suppose -2*t - 5*w + 9*w = -44, -24 = -t + w. What is the remainder when t is divided by d?
6
Suppose 876 + 744 = 15*a. What is the remainder when a is divided by 37?
34
Suppose 3*x + 166 = 5*x. Suppose 123 = 4*w - 3*g, -4*w + g - 6*g + x = 0. Calculate the remainder when w is divided by 10.
7
Let b(p) = 5*p**2 + 8*p + 6. Calculate the remainder when b(5) is divided by 30.
21
Let x(a) = -a**3 - 12*a**2 + 13*a + 9. Suppose -4*z - z = 65. Let r be x(z). What is the remainder when 4/((-4)/r)*-3 is divided by 15?
12
Let q be (0/(-1))/((-24)/8). Suppose q = 3*v - 1 + 7. What is the remainder when 0 - -67 - (v - 1) is divided by 18?
16
Let n be ((-8)/6)/((-4)/330). Let k = n - 78. Suppose 0 = -3*i + 13 + 41. Calculate the remainder when k is divided by i.
14
What is the remainder when (-13)/((-78)/3834) + (-6)/2 is divided by 11?
9
Let t be (-168)/(-32) - 3/(-4). Let s be 2*4/t*-3. Calculate the remainder when -15*-33*s/(-30) is divided by 23.
20
Suppose 151 = 3*l - 4*c, -6*c = -2*l - 5*c + 109. Calculate the remainder when 966 is divided by l.
54
Suppose 2255*w - 2249*w = 1020. What is the remainder when w is divided by 1?
0
Suppose 7*w + 18 = 13*w. Let l(b) = 2*b**3 - b**2 - b - 5. Calculate the remainder when l(w) is divided by 10.
7
Let y(x) = -x + 6. Let a be y(9). Calculate the remainder when 22 is divided by (0/a + 13)/1.
9
Let f = 1469 - 846. Suppose 5*l - f = 37. Let d = -85 + l. Calculate the remainder when d is divided by 25.
22
Let f(u) = -u**2 + 2*u + 123. What is the remainder when 363 is divided by f(0)?
117
Suppose 0 = 7*w - 12*w + 700. Calculate the remainder when w is divided by 36.
32
Let a(f) = -49 - 5*f + 47 - 6*f - 21. What is the remainder when a(-11) is divided by 11?
10
Let r be -6*(3 - 5)/6. Suppose -2*t + 2*c = -72, -4*c - 4 = -r*c. Suppose 2*x = 3*z - 37, -x + 6 = 5*z - t. What is the remainder when z is divided by 4?
1
Let y = -1 + 53. What is the remainder when y is divided by 10?
2
Suppose 3*w = -6, 7 = -g - 5*w + 29. What is the remainder when 445 is divided by g?
29
Let y(g) = -g**3 - 19*g**2 + 19*g - 17. Let s be y(-20). Suppose 2*h + 3*w + 2 = -w, 0 = -w - s. What is the remainder when 22 is divided by h?
2
Suppose -9*v + 265 = -2642. Calculate the remainder when v is divided by 54.
53
Suppose 16*g = -65 + 193. Suppose 0 = -g*t + 1776 - 384. Calculate the remainder when t is divided by 16.
14
Let m be (-3)/(6/4)*5. What is the remainder when (-166)/(-4) + (-15)/m is divided by 11?
10
Let n = 37 + -15. Let o be 6/18 - n/(-6). Suppose -o*h - 43 = -151. What is the remainder when h is divided by 10?
7
Calculate the remainder when 2 + 68/(-28) + (-780)/(-7) is divided by 51.
9
Suppose 3*l + l = 12. Suppose 7*t = l*t + 12. Suppose 2*y = -t*y + 85. Calculate the remainder when 46 is divided by y.
12
Suppose -992 = -14*m + 842. Calculate the remainder when m is divided by 17.
12
Suppose -3*v + 224 = -g, 0 = 5*v + g - 4 - 380. Calculate the remainder when v is divided by 21.
13
Let n = 12 - -7. What is the remainder when 4/(6/159 - 0) - -4 is divided by n?
15
Let w(s) = -38*s - 31. Calculate the remainder when w(-10) is divided by 44.
41
Suppose 4*n - 42 = -n + z, -3*n + 16 = 4*z. Let t = -11 - -18. Calculate the remainder when 56/2 + (-24)/n is divided by t.
4
Let c(h) = -h - 10. Let p be c(13). Let n = -18 - p. What is the remainder when ((-2)/(-6))/(2/114) is divided by n?
4
Let r(j) = j**3 + 10*j**2 - 31*j - 121. Calculate the remainder when 296 is divided by r(-11).
98
Suppose 2*w + 4*g - 8 = 0, w + g + 2*g = 1. Let a be 10/25 - 84/(-15). Let m = a - 3. What is the remainder when w is divided by m?
1
Let a = -450 - -916. Calculate the remainder when a is divided by 13.
11
Let x(i) = 4*i - 3. Let q(d) = -2*d + 2. Let n(a) = 5*q(a) + 3*x(a). What is the remainder when 7 is divided by n(1)?
1
Let o(g) = g**3 + 11*g**2 - g - 2. Let x = 5 - 2. Suppose 2*y - 12 = -x*h - 2*h, 0 = -4*y - 5*h + 44. What is the remainder when y is divided by o(-11)?
7
Suppose 0 = -20*p + 12*p + 792. Calculate the remainder when 789 is divided by p.
96
Suppose 118*x = 113*x + 65. Calculate the remainder when x is divided by 23 + -20 - (1 - 6).
5
Suppose y = -2*s + 4*y + 146, 2*s + 4*y = 118. Calculate the remainder when 152 is divided by s.
18
Suppose -2*s + 2*z + 38 = 4*z, 3*z = 2*s - 63. Suppose 8 + 1 = 3*k, 4*k = -2*m + s. What is the remainder when 17 is divided by m?
5
Suppose -3*r = f - 111, -9*r + 120 = -6*r + 4*f. Calculate the remainder when r is divided by 8.
4
Suppose -2*p + 26 = 4. What is the remainder when 23 is divided by p?
1
Suppose -2*d + 36 + 46 = 0. Let o(q) = 4*q + 3. Calculate the remainder when d is divided by o(3).
11
Suppose 5*b = -4*l - 0 + 5, 4*b + 17 = l. Let r = -27 + 15. What is the remainder when (-272)/r - 1/(-3) is divided by l?
3
Let k(p) = 2*p + 5. Let d be (1 + 31/3)/((-34)/(-51)). Calculate the remainder when 76 is divided by k(d).
37
Let d(g) = g - 6. Let x be d(9). Suppose -5*l + x*j + 102 = 0, 2*j + 3*j + 110 = 5*l. What is the remainder when 105 is divided by l?
15
Suppose 149 - 191 = -2*j. Calculate the remainder when 74 is divided by j.
11
Let t(l) = l**3 + 2*l + 9. What is the remainder when 233 is divided by t(4)?
71
Let l(p) = p**2 - 12*p - 11. Let a be l(7). Let x = a - -58. What is the remainder when 34 is divided by x?
10
Suppose 0 = 5*v - 5*j - 455, 0 = -2*v - 0*v + 3*j + 183. Let g = 3 - -28. Calculate the remainder when v is divided by g.
28
Suppose 2 = -2*h - 0. Let j be (1/h - -2)/(-1). Calculate the remainder when 11 is divided by j/(-4) - 15/(-4).
3
Calculate the remainder when -50 + 50 + 183*5 is divided by 51.
48
Let g = 25 + -22. Suppose -3*v + 4*t = g*t - 63, -31 = -v - 3*t. Calculate the remainder when v is divided by 6.
4
Calculate the remainder when -250*(-15)/40*12 is divided by 39.
33
Let h = -23 + 38. Let x be (-156)/(-36) - 2/6. What is the remainder when ((-24)/30 - 0)*(-210)/x is divided by h?
12
Let v be 31*3*(-6)/(-3). Suppose -h + v = 2*h. What is the remainder when h is divided by ((-858)/(-88))/((21/4)/7)?
10
Let t = -4992 - -7347. Calculate the remainder when -4*(t/(-84) - 4/(-14)) is divided by 28.
27
Let a(q) = -2*q**3 - 4*q**2 - 7*q - 6. What is the remainder when 1/(-2) - 79/(-2) is divided by a(-2)?
7
Let o = 177 - 89. Suppose -7*w + 45 = -o. What is the remainder when w is divided by 7?
5
Suppose o - 12 = -0. Suppose 5*j - o*j + 126 = 0. What is the remainder when j is divided by 3?
0
Let j = 0 - -4. Suppose -3*c + 12 = 0, -j*d + c = -126 - 146. What is the remainder when d is divided by (954/(-583))/((-3)/44)?
21
Suppose -5*i + 193 = 68. Let a = 35 - i. Suppose 2*p - 54 = -p. What is the remainder when p is divided by a?
8
Suppose -16 + 11 = 5*s. Calculate the remainder when (6/(-30)*4)/(s/25) is divided by 11.
9
Suppose 143*i